{"id":145579,"date":"2019-04-29T09:01:21","date_gmt":"2019-04-29T12:01:21","guid":{"rendered":"https:\/\/ideiaideal.com.br\/site\/?page_id=145579"},"modified":"2023-07-10T12:41:00","modified_gmt":"2023-07-10T15:41:00","slug":"revistas_digitais","status":"publish","type":"page","link":"https:\/\/ideiaideal.com.br\/site\/revistas_digitais\/","title":{"rendered":""},"content":{"rendered":"<section class=\"wpb-content-wrapper\">[vc_row][vc_column][vc_column_text]\n<h3 style=\"text-align: center;\">Revistas Digitais<\/h3>\n<p style=\"text-align: center;\">As grandes empresas e Associa\u00e7\u00f5es de Marcas est\u00e3o avan\u00e7ando rapidamente rumo ao futuro. Como j\u00e1 n\u00e3o existe mais diferen\u00e7a entre o mundo real e o digital, a ag\u00eancia Ideia Ideal abre as portas para a comunica\u00e7\u00e3o usar toda a tecnologia poss\u00edvel a favor do conte\u00fado. Com v\u00eddeos, \u00e1udios, links, sons, anima\u00e7\u00f5es, galerias de fotos, cliques e interatividade, a novas \u2018mobiles mags\u2019 t\u00eam vida pr\u00f3pria. Se movimentam, falam, interagem e acompanham os seus leitores. Esses projetos valorizam \u2013 acima de tudo \u2013 as experi\u00eancias das pessoas, em todas as telas: desktop, smartphone, laptop ou tablet. \u00c9 importante inovar sempre e seguir a filosofia \u2018\u2019lead the change\u2019\u2019, ou n\u00f3s lideramos as mudan\u00e7as ou seremos liderados por elas. Se a sua empresa quer liderar a mudan\u00e7a, fale com a Ideia Ideal \u2013 Ag\u00eancia de Comunica\u00e7\u00e3o Viva.<\/p>\n[\/vc_column_text][vc_separator color=&#8221;orange&#8221;][\/vc_column][\/vc_row][vc_row][vc_column][vc_single_image image=&#8221;145582&#8243; img_size=&#8221;full&#8221;][\/vc_column][\/vc_row][vc_row][vc_column]<div class=\"twentytwenty-container\" data-orientation=\"horizontal\" data-offset=\"0.5\"><img class=\"preload-me\" src=\"https:\/\/ideiaideal.com.br\/site\/wp-content\/uploads\/2019\/04\/impressa-2.jpg\" width=\"1000\" height=\"667\"  title=\"impressa 2\" alt=\"\"><img class=\"preload-me\" src=\"https:\/\/ideiaideal.com.br\/site\/wp-content\/uploads\/2019\/04\/digital-2.jpg\" width=\"1000\" height=\"667\"  title=\"digital 2\" alt=\"\"><\/div>[\/vc_column][\/vc_row][vc_row][vc_column][vc_empty_space][\/vc_column][\/vc_row][vc_row][vc_column][vc_zigzag][vc_column_text]\n<h4 style=\"text-align: center;\">Clique nas capas para fazer um test drive nas Revistas Digitais<\/h4>\n[\/vc_column_text][vc_zigzag][\/vc_column][\/vc_row][vc_row][vc_column width=&#8221;1\/3&#8243;][vc_single_image image=&#8221;149656&#8243; img_size=&#8221;full&#8221; onclick=&#8221;custom_link&#8221; link=&#8221;https:\/\/arquiteturaeaco.org.br\/ed\/64\/&#8221; css=&#8221;.vc_custom_1689003461559{border: 1px initial #000000 !important;border-radius: 2px !important;}&#8221;][\/vc_column][vc_column css_animation=&#8221;zoomIn&#8221; width=&#8221;1\/3&#8243;][vc_single_image image=&#8221;149658&#8243; img_size=&#8221;full&#8221; alignment=&#8221;center&#8221; onclick=&#8221;custom_link&#8221; img_link_target=&#8221;_blank&#8221; css_animation=&#8221;zoomIn&#8221; lazy_loading=&#8221;true&#8221; link=&#8221;https:\/\/revistaemrede.com.br\/edicoes\/172\/&#8221; css=&#8221;.vc_custom_1689003611106{border-radius: 2px !important;}&#8221;][\/vc_column][vc_column css_animation=&#8221;zoomIn&#8221; width=&#8221;1\/3&#8243;][vc_single_image image=&#8221;149657&#8243; img_size=&#8221;full&#8221; onclick=&#8221;custom_link&#8221; link=&#8221;https:\/\/abracy.com.br\/wp-content\/uploads\/revistas\/78\/&#8221;][\/vc_column][\/vc_row][vc_row css_animation=&#8221;zoomIn&#8221;][vc_column width=&#8221;1\/3&#8243;][vc_single_image image=&#8221;145610&#8243; img_size=&#8221;full&#8221; alignment=&#8221;center&#8221; onclick=&#8221;custom_link&#8221; img_link_target=&#8221;_blank&#8221; css_animation=&#8221;zoomIn&#8221; lazy_loading=&#8221;true&#8221; link=&#8221;http:\/\/revistamultticlique.com.br\/revista\/2015\/marco\/214\/&#8221;][\/vc_column][vc_column css_animation=&#8221;zoomIn&#8221; width=&#8221;1\/3&#8243;][vc_single_image image=&#8221;145612&#8243; img_size=&#8221;full&#8221; onclick=&#8221;custom_link&#8221; link=&#8221;http:\/\/revistamultticlique.com.br\/clientes\/coqueluche\/ch\/#p=1&#8243;][\/vc_column][vc_column width=&#8221;1\/3&#8243;][vc_single_image image=&#8221;145613&#8243; img_size=&#8221;full&#8221; onclick=&#8221;custom_link&#8221; link=&#8221;http:\/\/revistamultticlique.com.br\/clientes\/corleone_\/&#8221;][\/vc_column][\/vc_row][vc_row css_animation=&#8221;zoomIn&#8221;][vc_column width=&#8221;1\/3&#8243;][vc_single_image image=&#8221;145606&#8243; img_size=&#8221;full&#8221; alignment=&#8221;center&#8221; onclick=&#8221;custom_link&#8221; img_link_target=&#8221;_blank&#8221; css_animation=&#8221;zoomIn&#8221; lazy_loading=&#8221;true&#8221; link=&#8221;http:\/\/abractemp.abrac.com.br\/revistadigital\/144\/&#8221;][\/vc_column][vc_column css_animation=&#8221;zoomIn&#8221; width=&#8221;1\/3&#8243;][vc_single_image image=&#8221;145600&#8243; img_size=&#8221;full&#8221; onclick=&#8221;custom_link&#8221; link=&#8221;http:\/\/abractemp.abrac.com.br\/revistadigital\/146\/&#8221;][\/vc_column][vc_column width=&#8221;1\/3&#8243;][vc_single_image image=&#8221;145608&#8243; img_size=&#8221;full&#8221; onclick=&#8221;custom_link&#8221; link=&#8221;http:\/\/abractemp.abrac.com.br\/revistadigital\/141&#8243;][\/vc_column][\/vc_row][vc_row][vc_column][vc_separator color=&#8221;orange&#8221;][vc_column_text]\n<h3 style=\"text-align: center;\">Revistas Impressas<\/h3>\n<p style=\"text-align: center;\">Da pauta at\u00e9 a entrega. Nossa equipe tem a experi\u00eancia de mais de 15 anos produzindo as <a href=\"https:\/\/ideiaideal.com.br\/site\/projetos\/\">revistas corporativas<\/a> mais elegantes, estilosas e relevantes do mercado.<\/p>\n[\/vc_column_text][vc_separator color=&#8221;orange&#8221;][\/vc_column][\/vc_row][vc_row][vc_column][vc_single_image image=&#8221;145615&#8243; img_size=&#8221;full&#8221;][vc_single_image image=&#8221;145618&#8243; img_size=&#8221;full&#8221;][vc_single_image image=&#8221;145620&#8243; img_size=&#8221;full&#8221;][vc_single_image image=&#8221;145621&#8243; img_size=&#8221;full&#8221;][vc_single_image image=&#8221;145622&#8243; img_size=&#8221;full&#8221;][vc_single_image image=&#8221;145623&#8243; img_size=&#8221;full&#8221;][\/vc_column][\/vc_row][vc_row][vc_column]\n<div class=\"wpcf7 no-js\" id=\"wpcf7-f145287-o1\" lang=\"pt-BR\" dir=\"ltr\">\n<div class=\"screen-reader-response\"><p role=\"status\" aria-live=\"polite\" aria-atomic=\"true\"><\/p> <ul><\/ul><\/div>\n<form action=\"\/site\/wp-json\/wp\/v2\/pages\/145579#wpcf7-f145287-o1\" method=\"post\" class=\"wpcf7-form init\" aria-label=\"Formul\u00e1rios de contato\" novalidate=\"novalidate\" data-status=\"init\">\n<div style=\"display: none;\">\n<input type=\"hidden\" name=\"_wpcf7\" value=\"145287\" \/>\n<input type=\"hidden\" name=\"_wpcf7_version\" value=\"5.7.7\" \/>\n<input type=\"hidden\" name=\"_wpcf7_locale\" value=\"pt_BR\" \/>\n<input type=\"hidden\" name=\"_wpcf7_unit_tag\" value=\"wpcf7-f145287-o1\" \/>\n<input type=\"hidden\" name=\"_wpcf7_container_post\" value=\"0\" \/>\n<input type=\"hidden\" name=\"_wpcf7_posted_data_hash\" value=\"\" \/>\n<\/div>\n<p><label> Seu nome (obrigat\u00f3rio)<br \/>\n<span class=\"wpcf7-form-control-wrap\" data-name=\"your-name\"><input size=\"40\" class=\"wpcf7-form-control wpcf7-text wpcf7-validates-as-required\" aria-required=\"true\" aria-invalid=\"false\" value=\"\" type=\"text\" name=\"your-name\" \/><\/span> <\/label>\n<\/p>\n<p><label> Seu e-mail (obrigat\u00f3rio)<br \/>\n<span class=\"wpcf7-form-control-wrap\" data-name=\"your-email\"><input size=\"40\" class=\"wpcf7-form-control wpcf7-text wpcf7-email wpcf7-validates-as-required wpcf7-validates-as-email\" aria-required=\"true\" aria-invalid=\"false\" value=\"\" type=\"email\" name=\"your-email\" \/><\/span> <\/label>\n<\/p>\n<p><label> Assunto<br \/>\n<span class=\"wpcf7-form-control-wrap\" data-name=\"your-subject\"><input size=\"40\" class=\"wpcf7-form-control wpcf7-text\" aria-invalid=\"false\" value=\"\" type=\"text\" name=\"your-subject\" \/><\/span> <\/label>\n<\/p>\n<p><label> Sua mensagem<br \/>\n<span class=\"wpcf7-form-control-wrap\" data-name=\"your-message\"><textarea cols=\"40\" rows=\"10\" class=\"wpcf7-form-control wpcf7-textarea\" aria-invalid=\"false\" name=\"your-message\"><\/textarea><\/span> <\/label>\n<\/p>\n<p><input class=\"wpcf7-form-control has-spinner wpcf7-submit\" type=\"submit\" value=\"Enviar\" \/>\n<\/p><p style=\"display: none !important;\"><label>&#916;<textarea name=\"_wpcf7_ak_hp_textarea\" cols=\"45\" rows=\"8\" maxlength=\"100\"><\/textarea><\/label><input type=\"hidden\" id=\"ak_js_1\" name=\"_wpcf7_ak_js\" value=\"185\"\/><script>document.getElementById( \"ak_js_1\" ).setAttribute( \"value\", ( new Date() ).getTime() );<\/script><\/p><div class=\"wpcf7-response-output\" aria-hidden=\"true\"><\/div>\n<\/form>\n<\/div>\n[\/vc_column][\/vc_row]\n<\/section>","protected":false},"excerpt":{"rendered":"<p>[vc_row][vc_column][vc_column_text] Revistas Digitais As grandes empresas e Associa\u00e7\u00f5es de Marcas est\u00e3o avan\u00e7ando rapidamente rumo ao futuro. Como j\u00e1 n\u00e3o existe mais diferen\u00e7a entre o mundo real e o digital, a ag\u00eancia Ideia Ideal abre as portas para a comunica\u00e7\u00e3o usar toda a tecnologia poss\u00edvel a favor do conte\u00fado. Com v\u00eddeos, \u00e1udios, links, sons, anima\u00e7\u00f5es, galerias&hellip;<\/p>\n","protected":false},"author":1,"featured_media":0,"parent":0,"menu_order":0,"comment_status":"closed","ping_status":"closed","template":"","meta":[],"yoast_head":"<!-- This site is optimized with the Yoast SEO plugin v20.11 - https:\/\/yoast.com\/wordpress\/plugins\/seo\/ -->\n<title>Revistas Digitais como voc\u00ea nunca viu - Ideia Ideal<\/title>\n<meta name=\"description\" content=\"As revistas digitais que criamos, seguem a l\u00f3gica que pede a participa\u00e7\u00e3o das pessoas. E ai entram os meios digitais. O engajamento. A interatividade.\" \/>\n<meta name=\"robots\" content=\"index, follow, max-snippet:-1, max-image-preview:large, max-video-preview:-1\" \/>\n<link rel=\"canonical\" href=\"https:\/\/ideiaideal.com.br\/site\/revistas_digitais\/\" \/>\n<meta property=\"og:locale\" content=\"pt_BR\" \/>\n<meta property=\"og:type\" content=\"article\" \/>\n<meta property=\"og:title\" content=\"Revistas Digitais como voc\u00ea nunca viu - Ideia Ideal\" \/>\n<meta property=\"og:description\" content=\"As revistas digitais que criamos, seguem a l\u00f3gica que pede a participa\u00e7\u00e3o das pessoas. E ai entram os meios digitais. O engajamento. A interatividade.\" \/>\n<meta property=\"og:url\" content=\"https:\/\/ideiaideal.com.br\/site\/revistas_digitais\/\" \/>\n<meta property=\"og:site_name\" content=\"Ideia Ideal\" \/>\n<meta property=\"article:publisher\" content=\"https:\/\/www.facebook.com\/agenciaideiaideal\/\" \/>\n<meta property=\"article:modified_time\" content=\"2023-07-10T15:41:00+00:00\" \/>\n<meta name=\"twitter:card\" content=\"summary_large_image\" \/>\n<meta name=\"twitter:site\" content=\"@Ideia_Ideal\" \/>\n<meta name=\"twitter:label1\" content=\"Est. tempo de leitura\" \/>\n\t<meta name=\"twitter:data1\" content=\"3 minutos\" \/>\n<script type=\"application\/ld+json\" class=\"yoast-schema-graph\">{\"@context\":\"https:\/\/schema.org\",\"@graph\":[{\"@type\":\"WebPage\",\"@id\":\"https:\/\/ideiaideal.com.br\/site\/revistas_digitais\/\",\"url\":\"https:\/\/ideiaideal.com.br\/site\/revistas_digitais\/\",\"name\":\"Revistas Digitais como voc\u00ea nunca viu - Ideia Ideal\",\"isPartOf\":{\"@id\":\"https:\/\/ideiaideal.com.br\/site\/#website\"},\"datePublished\":\"2019-04-29T12:01:21+00:00\",\"dateModified\":\"2023-07-10T15:41:00+00:00\",\"description\":\"As revistas digitais que criamos, seguem a l\u00f3gica que pede a participa\u00e7\u00e3o das pessoas. E ai entram os meios digitais. O engajamento. A interatividade.\",\"inLanguage\":\"pt-BR\",\"potentialAction\":[{\"@type\":\"ReadAction\",\"target\":[\"https:\/\/ideiaideal.com.br\/site\/revistas_digitais\/\"]}]},{\"@type\":\"WebSite\",\"@id\":\"https:\/\/ideiaideal.com.br\/site\/#website\",\"url\":\"https:\/\/ideiaideal.com.br\/site\/\",\"name\":\"Ag\u00eancia Ideia Ideal\",\"description\":\"Ag\u00eancia de Comunica\u00e7\u00e3o e Marketing Digital\",\"publisher\":{\"@id\":\"https:\/\/ideiaideal.com.br\/site\/#organization\"},\"potentialAction\":[{\"@type\":\"SearchAction\",\"target\":{\"@type\":\"EntryPoint\",\"urlTemplate\":\"https:\/\/ideiaideal.com.br\/site\/?s={search_term_string}\"},\"query-input\":\"required name=search_term_string\"}],\"inLanguage\":\"pt-BR\"},{\"@type\":\"Organization\",\"@id\":\"https:\/\/ideiaideal.com.br\/site\/#organization\",\"name\":\"Ideia Ideal\",\"url\":\"https:\/\/ideiaideal.com.br\/site\/\",\"logo\":{\"@type\":\"ImageObject\",\"inLanguage\":\"pt-BR\",\"@id\":\"https:\/\/ideiaideal.com.br\/site\/#\/schema\/logo\/image\/\",\"url\":\"http:\/\/ideiaideal.com.br\/site\/wp-content\/uploads\/2019\/04\/com-texto-pequeno.png\",\"contentUrl\":\"http:\/\/ideiaideal.com.br\/site\/wp-content\/uploads\/2019\/04\/com-texto-pequeno.png\",\"width\":500,\"height\":138,\"caption\":\"Ideia Ideal\"},\"image\":{\"@id\":\"https:\/\/ideiaideal.com.br\/site\/#\/schema\/logo\/image\/\"},\"sameAs\":[\"https:\/\/www.facebook.com\/agenciaideiaideal\/\",\"https:\/\/twitter.com\/Ideia_Ideal\"]}]}<\/script>\n<!-- \/ Yoast SEO plugin. -->","yoast_head_json":{"title":"Revistas Digitais como voc\u00ea nunca viu - Ideia Ideal","description":"As revistas digitais que criamos, seguem a l\u00f3gica que pede a participa\u00e7\u00e3o das pessoas. E ai entram os meios digitais. O engajamento. A interatividade.","robots":{"index":"index","follow":"follow","max-snippet":"max-snippet:-1","max-image-preview":"max-image-preview:large","max-video-preview":"max-video-preview:-1"},"canonical":"https:\/\/ideiaideal.com.br\/site\/revistas_digitais\/","og_locale":"pt_BR","og_type":"article","og_title":"Revistas Digitais como voc\u00ea nunca viu - Ideia Ideal","og_description":"As revistas digitais que criamos, seguem a l\u00f3gica que pede a participa\u00e7\u00e3o das pessoas. E ai entram os meios digitais. O engajamento. A interatividade.","og_url":"https:\/\/ideiaideal.com.br\/site\/revistas_digitais\/","og_site_name":"Ideia Ideal","article_publisher":"https:\/\/www.facebook.com\/agenciaideiaideal\/","article_modified_time":"2023-07-10T15:41:00+00:00","twitter_card":"summary_large_image","twitter_site":"@Ideia_Ideal","twitter_misc":{"Est. tempo de leitura":"3 minutos"},"schema":{"@context":"https:\/\/schema.org","@graph":[{"@type":"WebPage","@id":"https:\/\/ideiaideal.com.br\/site\/revistas_digitais\/","url":"https:\/\/ideiaideal.com.br\/site\/revistas_digitais\/","name":"Revistas Digitais como voc\u00ea nunca viu - Ideia Ideal","isPartOf":{"@id":"https:\/\/ideiaideal.com.br\/site\/#website"},"datePublished":"2019-04-29T12:01:21+00:00","dateModified":"2023-07-10T15:41:00+00:00","description":"As revistas digitais que criamos, seguem a l\u00f3gica que pede a participa\u00e7\u00e3o das pessoas. E ai entram os meios digitais. O engajamento. A interatividade.","inLanguage":"pt-BR","potentialAction":[{"@type":"ReadAction","target":["https:\/\/ideiaideal.com.br\/site\/revistas_digitais\/"]}]},{"@type":"WebSite","@id":"https:\/\/ideiaideal.com.br\/site\/#website","url":"https:\/\/ideiaideal.com.br\/site\/","name":"Ag\u00eancia Ideia Ideal","description":"Ag\u00eancia de Comunica\u00e7\u00e3o e Marketing Digital","publisher":{"@id":"https:\/\/ideiaideal.com.br\/site\/#organization"},"potentialAction":[{"@type":"SearchAction","target":{"@type":"EntryPoint","urlTemplate":"https:\/\/ideiaideal.com.br\/site\/?s={search_term_string}"},"query-input":"required name=search_term_string"}],"inLanguage":"pt-BR"},{"@type":"Organization","@id":"https:\/\/ideiaideal.com.br\/site\/#organization","name":"Ideia Ideal","url":"https:\/\/ideiaideal.com.br\/site\/","logo":{"@type":"ImageObject","inLanguage":"pt-BR","@id":"https:\/\/ideiaideal.com.br\/site\/#\/schema\/logo\/image\/","url":"http:\/\/ideiaideal.com.br\/site\/wp-content\/uploads\/2019\/04\/com-texto-pequeno.png","contentUrl":"http:\/\/ideiaideal.com.br\/site\/wp-content\/uploads\/2019\/04\/com-texto-pequeno.png","width":500,"height":138,"caption":"Ideia Ideal"},"image":{"@id":"https:\/\/ideiaideal.com.br\/site\/#\/schema\/logo\/image\/"},"sameAs":["https:\/\/www.facebook.com\/agenciaideiaideal\/","https:\/\/twitter.com\/Ideia_Ideal"]}]}},"_links":{"self":[{"href":"https:\/\/ideiaideal.com.br\/site\/wp-json\/wp\/v2\/pages\/145579"}],"collection":[{"href":"https:\/\/ideiaideal.com.br\/site\/wp-json\/wp\/v2\/pages"}],"about":[{"href":"https:\/\/ideiaideal.com.br\/site\/wp-json\/wp\/v2\/types\/page"}],"author":[{"embeddable":true,"href":"https:\/\/ideiaideal.com.br\/site\/wp-json\/wp\/v2\/users\/1"}],"replies":[{"embeddable":true,"href":"https:\/\/ideiaideal.com.br\/site\/wp-json\/wp\/v2\/comments?post=145579"}],"version-history":[{"count":59,"href":"https:\/\/ideiaideal.com.br\/site\/wp-json\/wp\/v2\/pages\/145579\/revisions"}],"predecessor-version":[{"id":149659,"href":"https:\/\/ideiaideal.com.br\/site\/wp-json\/wp\/v2\/pages\/145579\/revisions\/149659"}],"wp:attachment":[{"href":"https:\/\/ideiaideal.com.br\/site\/wp-json\/wp\/v2\/media?parent=145579"}],"curies":[{"name":"wp","href":"https:\/\/api.w.org\/{rel}","templated":true}]}}